+ -9)). Calculate the highest common factor of h and 145.
145
Let y(p) = 241*p**3 + p**2 - p. Let j be y(1). Let l = -178 + j. What is the greatest common divisor of 27 and l?
9
Suppose 0 = 62*i - 42*i - 20800. Suppose -34*d + 24*d = -i. What is the greatest common factor of d and 39?
13
Let t be (10 - -14)*(5922/(-24))/(-3). Calculate the greatest common divisor of t and 141.
141
Let x = 50 - 20. Suppose -5*f - 26*z + 47 = -25*z, 0 = 2*f + z - 17. Let j be (1/(-2) - 1)/(f/(-100)). Calculate the highest common factor of x and j.
15
Let j = -50 - -42. Let p(v) = 2*v + 5. Let f(q) = 5*q + 15. Let u(d) = j*p(d) + 3*f(d). Let r be u(-3). What is the highest common factor of 16 and r?
8
Let x = 7430 + -5632. What is the greatest common divisor of 992 and x?
62
Suppose 91 + 146 = -5*s - 4*x, -2*x = 6. Let h be 2 + 0 - (-2 + s - 3). What is the highest common factor of 13 and h?
13
Let p = -136 + 134. Let r(l) = -5*l**3 - 2*l**2 + 5*l + 2. Let y be r(p). What is the greatest common factor of 324 and y?
12
Let p = -351 + 346. Let r be 654/15 - (-2)/p*-1. Calculate the greatest common divisor of 748 and r.
44
Let l be (-2 - -5)/((-3)/(-44)). Let m be (-19413)/21570 + 669/10. Calculate the greatest common factor of m and l.
22
Suppose 4*q - 135 = -5*q. Let o(c) = 1778*c**2 + 5*c - 4. Let j be o(1). Let w be j/51 - (-8)/68. Calculate the greatest common factor of q and w.
5
Suppose -3 - 22 = -5*a. Suppose -2*s - 34 = -3*b, -8 = -3*b - a*s + 54. What is the greatest common factor of b and 7?
7
Let c(x) = 2*x**2 - 259*x + 773. Let t be c(3). What is the highest common divisor of 16520 and t?
14
Let d be 2 + ((-2)/12 - 5/(-30)). Suppose d*g - 39 = -317. Let l = -58 - g. Calculate the greatest common divisor of 9 and l.
9
Let o be 29 - 50 - (0 + -125). What is the highest common factor of 3926 and o?
26
Let p be (-2)/(-17) + 10870/85. Let a = p - 108. Calculate the highest common factor of 20 and a.
20
Suppose -4*u = -8*t + 12*t - 3304, -3*t - 2*u = -2481. Suppose 0 = 11*a + 202 - t. What is the greatest common divisor of 171 and a?
57
Let j = -3904 - -3957. What is the greatest common divisor of 4240 and j?
53
Suppose 24 = 4*o - 0*o. Let b be (-17487)/(-335) - (-15 + 1) - 1/5. Calculate the highest common factor of b and o.
6
Suppose -7*w - w + 96 = 0. Let a be -2*1 - 17/((-17)/w). Let p be (a/(-7))/(8/(-616)). Calculate the greatest common factor of 22 and p.
22
Suppose -7*l = -24*l + 2480 + 376. What is the highest common divisor of 1050 and l?
42
Let d = 10298 + -4369. Calculate the highest common divisor of 294 and d.
49
Let s be 28*(-1 - (37 + -43)). Let v be (-1)/((-1)/1)*-2. Let d be (7/v)/(2/(-8)). What is the greatest common divisor of s and d?
14
Suppose 941*m - 946*m + 478 = u, 3*u = 5*m + 1394. Calculate the highest common divisor of u and 403.
13
Suppose -16*i = 79 - 47. Let m be i/((27/(-120))/9). What is the highest common factor of 256 and m?
16
Suppose -831*f - 4*q - 2769 = -832*f, q = 3*f - 8318. Calculate the highest common divisor of 94 and f.
47
Let f be 5*(-4 + 130/25). Let s = 145 - 140. Suppose 44 = s*p - 196. What is the highest common divisor of p and f?
6
Suppose 0 = 51*j + 4*j - 1430. Let x = 278 - 103. Let r = x + -45. What is the greatest common factor of j and r?
26
Let a be 144/42*2800/30. Suppose -144 = 2*m - 8*m. Calculate the greatest common divisor of a and m.
8
Suppose -5*p + 2*q = 6*q + 320, -179 = 3*p + 5*q. Let v = 1057 - 1055. Let a be (-8 - -14)/(p/(-33) - v). What is the greatest common divisor of a and 11?
11
Suppose 49*w + 22800 = 69*w. Suppose 0 = -12*z - 8*z + w. Let l(b) = -b**3 - 2*b**2 - 3*b - 3. Let o be l(-2). Calculate the greatest common divisor of o and z.
3
Let w be (0/(2*-1))/((-144)/36). Suppose 4*n + 2*i - 220 = w, 3*i + 16 = -i. Calculate the greatest common divisor of 38 and n.
19
Suppose s - 4*s - 2*z + 875 = 0, -605 = -2*s + 3*z. Let d = s + -273. Let m be 17*2 - (0 - -1). What is the greatest common factor of m and d?
11
Let w = 39454 - 19894. Calculate the greatest common divisor of w and 480.
120
Suppose -4*o - 10 = 5*h, -5*o - 5*h = 50 - 45. Calculate the highest common divisor of o and 2955.
5
Let f be (0 - -1) + -6 + -181. Let y = f - -301. Suppose 4*r - 3*q = y, -3*r - r + q + 113 = 0. Calculate the greatest common factor of r and 4.
4
Suppose -5*m = 2*t - 79, 2*m + 0*m = -10. Suppose r - 13 = -2*p, 17*r - t = -5*p + 21*r. What is the highest common divisor of 80 and p?
8
Let i be ((-76)/20 - -5)/(((-14)/40)/(-7)). Let q(s) = s**2 - 12*s - 9. Let a be q(11). Let p = a + 80. What is the highest common factor of i and p?
12
Let k(g) = -9*g - 36. Let j be k(-4). Suppose 6*o + 2*o - 984 = j. Let v = -13 + o. Calculate the greatest common divisor of 44 and v.
22
Let s be ((-15)/(-12))/(12/336). What is the greatest common divisor of s and 30?
5
Suppose -d = -10 + 5. Let t be 22 + (-1 - -2)*-2. Let b be 274/8 + 15/t. Calculate the greatest common divisor of d and b.
5
Let t(m) = 16*m - 4*m - 7*m + 31 - 9*m - 10*m. Let i be t(2). Suppose 4*r + 4*u = u + 147, -4*r + 2*u = -162. Calculate the greatest common divisor of r and i.
3
Suppose -4*o + 6303 = 5*i, -i = 2*o - o - 1576. What is the highest common divisor of o and 83?
83
Let n be 4/10 + 36/10. Suppose 4*o + d + 0*d - 9 = 0, -n*o = 5*d + 3. Suppose 4*g = 8, -3*h + 2*g + o*g = -134. What is the greatest common factor of h and 6?
6
Let z = 1656 + 152. What is the greatest common divisor of z and 113?
113
Suppose c + 307 = 2*g + 234, 4*g = -c + 107. Let u = -6 - -10. Suppose u*d + 67 = 247. Calculate the highest common divisor of g and d.
15
Suppose 5*j - 268 = -3*l, -j + 1129 - 653 = 5*l. Suppose 0*h + 3*h - 432 = -x, 4*x - 1728 = 5*h. What is the greatest common factor of x and l?
48
Suppose 0 = 2*z + 22 - 246. Suppose -36*c + 49*c - 253 - 111 = 0. Calculate the greatest common divisor of c and z.
28
Let i(t) = 2*t**3 - 4*t**2 + 4*t - 8. Let k = 51 - 47. Let s be i(k). What is the highest common factor of s and 96?
24
Suppose 3*p - 40 + 9 = t, 3*p - 11 = 5*t. Suppose -p*d + 3*u + 601 = -7*d, 5*d - u - 597 = 0. Calculate the highest common divisor of d and 34.
17
Let q(f) = 98*f + 6735. Let x be q(-63). Calculate the highest common divisor of 221 and x.
17
Let i(a) = 2 + 30 - 26*a - 7*a + 32 + 11. Let g be i(-21). Calculate the greatest common factor of 48 and g.
48
Suppose 4*p - 16 = 0, -5*z - 4*p + 5530 = -1286. Calculate the greatest common divisor of 720 and z.
80
Let u = 23 - 15. Let v = -57 + 160. Suppose 4*p + 68 = s, -180 = -4*s + 5*p + v. Calculate the highest common divisor of u and s.
8
Suppose 87*h - 91*h = -5*g - 1535, 5*h - 1940 = 2*g. Calculate the highest common divisor of h and 1495.
65
Let j be 372/(-558)*(2 + -50). Suppose 4*l = 3*z + 23, z = 2*l + l - 21. What is the highest common divisor of j and l?
8
Suppose -30 = -3*p - 0*p. Let z = 1001 + -985. Suppose 0 = -z*o + 8*o + 1280. Calculate the greatest common factor of p and o.
10
Suppose -486 = 3*m - 4*m - 2*m. Calculate the highest common divisor of m and 126.
18
Suppose -40*l = 68*l - 20412. Calculate the greatest common factor of 1008 and l.
63
Let z be (-216)/(-10) + 6/15. Let t(k) = -2*k**2 - 19*k + 25. Let r be t(-10). Let x be ((9 - 4)*12/r)/2. What is the highest common divisor of z and x?
2
Suppose 0 = -o + 24 - 2. Suppose -o*u = -7316 + 2388. What is the greatest common divisor of 32 and u?
32
Let v be ((-229)/4)/((-8)/64). Let d be v/22 - (-8)/44. What is the greatest common factor of 147 and d?
21
Let s = -77 + 77. Let y be 3/6*(-8 + (-2 - s)). Let h be (-4 - (-19)/y)*(-1 - 4). Calculate the highest common divisor of h and 13.
13
Suppose 4708 = 68*t + 39*t. What is the highest common factor of 2398 and t?
22
Let v(q) = q**3 + 7*q**2 + 14*q + 9. Let l be v(-7). Let a = l - -97. What is the highest common factor of a and 152?
8
Let x(u) = -u**3 - 6*u**2 + 7*u + 1. Let d be x(-8). Let l be (292/6)/(1425/(-180) + 8). What is the highest common factor of l and d?
73
Let z(c) = -9*c**3 - 5*c**2 - 9*c - 7. Suppose 40*a - 10 = 45*a. Let i be z(a). Calculate the greatest common factor of i and 819.
63
Let v be (6 - 24 - (-30)/45)/(36/(-27)). Let i = 5051 + -3582. Calculate the highest common factor of v and i.
13
Suppose 0 = -5*u - 35*j + 32*j + 905, 542 = 3*u + 2*j